mmon factor of 54 and v?
6
Let m = 17842 + -17677. Calculate the greatest common factor of m and 195.
15
Let j be ((-50)/15)/(-5) + 26/6. Suppose -2*r = -j - 1. Suppose 12 = r*d - 4*a - 7, -d = -a - 5. Calculate the greatest common factor of 8 and d.
1
Suppose 93*b + 6152 = 7499 + 46641. Suppose 3*c - 5*l = 7 + 9, 2*c - 5*l = 4. What is the greatest common factor of c and b?
12
Let v be -2*2/(-10)*365. Let k be (-12)/((-1080)/210) + (2/6)/(-1). What is the greatest common factor of k and v?
2
Let u = 10 + 18. Let k be ((-464219)/17)/(-47) - -7. What is the greatest common factor of u and k?
28
Suppose -4*g - g = 15, -5*d + 20 = -5*g. Let x be d/((-1)/(-32)*2). Let k = 40058 + -40018. What is the greatest common factor of x and k?
8
Suppose 363*r - 6577035 = -37590. What is the highest common factor of 15 and r?
15
Let n be ((-12)/108)/((-2)/(-6))*-3. Suppose -7 = -2*g + n. Suppose c = -3*t + g*t + 11, 0 = 3*t + 3. Calculate the highest common factor of 250 and c.
10
Let z = 276 + 168. Let k = -405 + z. What is the highest common factor of 78 and k?
39
Let q be 18/8 - 9/36. Suppose -4*k - 380 = w, -439 + 1229 = -q*w - 2*k. Let t be w/(-16) + 0 + (-2)/2. Calculate the highest common divisor of t and 16.
8
Suppose -76*z + 22*z + 432 = 0. Let q be 39/(-24) + (-3)/z - -34. What is the greatest common factor of 8 and q?
8
Let i be (-1)/3 + 5470/30. Suppose 3*c + 64 + 138 = 4*n, -2*n + 2*c + 100 = 0. Calculate the greatest common divisor of i and n.
26
Let q = -3163 - -3223. Calculate the greatest common divisor of q and 1290.
30
Let k = -4410 + 4470. Calculate the highest common divisor of 1230 and k.
30
Suppose -57*r = -19983 - 12835 - 3263. Calculate the highest common divisor of r and 6.
3
Suppose -11 = 5*w - 4*y, -86 + 98 = 3*y. What is the greatest common factor of w and 27?
1
Suppose w + 2*h = -2*h - 4, 5*w = -h + 37. Let d be 13 + -6*w/12. Let q = 15 - d. Calculate the highest common factor of q and 66.
6
Suppose 46*c - 50629 = 38427. What is the greatest common divisor of c and 32?
16
Let p(i) = 8*i + 50. Let r be p(-6). Suppose r*s + 4*a = 38, 4*a = 4*s - 0 - 64. Calculate the highest common factor of s and 85.
17
Suppose q = -q - 198. Suppose -31*t - 245 - 3552 = -263. Let j = q - t. What is the highest common divisor of 75 and j?
15
Suppose -400*d - 178 + 604 + 774 = 0. Let i(p) = p**3 - 4*p**2 - 4*p - 2. Let k be i(5). Calculate the highest common factor of d and k.
3
Let n(j) = -j**2 + 4*j + 2. Let o be 6/(1/(4/6)). Let h be n(o). Suppose 4*u = 4*q + q + 65, 0 = 5*u + 2*q - 40. What is the greatest common factor of u and h?
2
Suppose -40*h = -49*h + 36. Suppose 343 = h*l - 1929. Calculate the highest common factor of l and 71.
71
Suppose 3*i + 2*i - 1980 = 0. Suppose -3*v - 2*u + 236 = -61, -u = 4*v - i. Calculate the highest common factor of 88 and v.
11
Let g be (3 - (-7432)/48) + (-1)/(-6). Calculate the highest common factor of g and 2291.
79
Let w(i) = i**2 + 2*i - 1. Let s(z) = -5*z**2 - 25*z - 23. Let f(v) = -s(v) - 4*w(v). Let b be f(-16). What is the highest common divisor of 165 and b?
11
Suppose -165*i - 1542 = -85708 + 3481. Calculate the highest common divisor of i and 815.
163
Let t(y) = -y**2 + 4*y + 3. Let h be t(3). Let f be (-2 - -1*4) + h/(-6). Let j be ((-2)/(-3) - f)*-9. What is the highest common divisor of 33 and j?
3
Let s(v) = 14*v - 4. Let c be s(4). Let b = c + -48. What is the greatest common divisor of b and 100?
4
Let h = 11477 - 8063. Let k(v) = 2*v + 68. Let d be k(-10). Let m be (h/d - 5) + (-2)/16. Calculate the greatest common divisor of m and 44.
22
Let a = 627 + -604. Calculate the greatest common factor of 25 and a.
1
Let j be 4451 + ((-4)/(-16))/((-8)/(-32)). What is the greatest common factor of j and 588?
84
Suppose 3*w - 231 = -85*r + 84*r, 3*r = -5*w + 381. Calculate the greatest common factor of w and 2782.
26
Suppose w - 408 = -5*n + 4*w, 5*w = 5*n - 400. Let y be 54*((-224)/(-63))/16. Calculate the greatest common factor of n and y.
12
Let d be 2*(2/4 + (-58)/4). Let a = 2 - d. Calculate the greatest common divisor of a and 120.
30
Suppose 5*o - 3*p = -1 - 1, 2*o = 5*p - 16. Suppose 0 = 2*g - 86 - o. Let k = 49 + -45. What is the highest common factor of k and g?
4
Let a be 38 + -14 + (25 - 5). Calculate the highest common divisor of 1463 and a.
11
Suppose 135 = -33642*c + 33651*c. Calculate the greatest common factor of 53160 and c.
15
Suppose f - 2*g = 30, 13 = f + 3*g - 17. Suppose -1395 = -f*n + 25*n. Calculate the greatest common factor of 31 and n.
31
Let y be (1 + -1)*3/(-6). Suppose -3*n = 3*s, y*n = -5*n + s - 30. Let h be ((-10)/n)/1 + 4. Calculate the greatest common factor of h and 12.
6
Suppose -4*c = 2*z - 3*z - 50, c - 22 = 5*z. Let d = 104 - c. Calculate the greatest common factor of 69 and d.
23
Suppose 28*c - 5*c - 3675 = -12*c. What is the highest common factor of c and 280?
35
Let w = 6436 + 1723. Calculate the greatest common divisor of 41 and w.
41
Let n be (90/(-12))/(3/(-32)). Let d(v) = -309 + 150 + 193 + v. Let x be d(6). What is the greatest common factor of x and n?
40
Let v be (-9)/324 - 4616/(-288). Let p(a) = -a**3 + 2*a**2 + a. Let l be p(3). Let k = 2 - l. What is the highest common factor of v and k?
8
Let x = -2592 - -2598. Let u = -4 + 18. Let m = u - x. Calculate the highest common factor of m and 88.
8
Suppose -2484 = -222*p + 176*p. Calculate the highest common factor of 6 and p.
6
Let l(y) = y**3 + 25*y**2 + 3*y - 243. Let p be l(-21). What is the highest common factor of 18 and p?
18
Let w be ((-2352)/490)/((21/650)/(-7)). Calculate the greatest common factor of w and 160.
80
Suppose 7*m - 2*m = 715. Let y be (-2)/(-30)*3 - 104/(-5). Suppose -y*w + 285 - 12 = 0. What is the highest common factor of m and w?
13
Suppose -3*s = -w + 91 - 426, -2*w + 100 = s. Suppose -168*c = -8200 + 1480. What is the highest common factor of c and s?
10
Let j be (-14)/7*(-17 + -8). Calculate the highest common factor of 1760 and j.
10
Let b be 4*1/20 - (-4)/(-20). Suppose b = 31*g - 37*g + 366. Calculate the greatest common divisor of 183 and g.
61
Suppose 21*r - 23*r = -6. Let g be 1/r*3 + 0. What is the highest common factor of g and 37?
1
Let l be (-4)/(-10) + (-59358)/195. Let c = 529 + l. What is the greatest common factor of 5 and c?
5
Let c = 68 + -123. Let u be 8/44 - 3730/c. Let k(p) = p**2 + p + 17. Let q be k(0). Calculate the highest common factor of q and u.
17
Let l be (-19 + 15)/((-71)/(-138)*-2 + 1). What is the greatest common divisor of 288 and l?
6
Suppose -31*s = -25*s. Suppose s = -42*z + 45*z - 90. What is the highest common divisor of z and 12?
6
Let n = -395 - -393. Let x be ((-80)/30)/(0 - n/(-6)). Let h = 13 - 5. What is the greatest common divisor of x and h?
8
Suppose 0 = 13*s - 5339 + 5027. Calculate the highest common divisor of s and 228.
12
Let u = -4209 + 4253. Suppose 0 = -4*l - 2 + 14. Let s be 109 + 1 + 0/l. What is the highest common factor of s and u?
22
Let r be (-84)/12*1/2*2. Let b(i) = i**2 - 26*i - 207. Let m be b(r). What is the highest common factor of 8 and m?
8
Suppose 6 = -3*n, -4*k + 4890 + 6314 = -2*n. What is the greatest common factor of 10 and k?
10
Let b = -6519 + 6579. What is the greatest common factor of 252 and b?
12
Let d(h) = 4028*h - 10572. Let t be d(5). Calculate the highest common factor of t and 156.
52
Let n = -55 - -57. Suppose 0 = b + n*a - 18, 11*b + 60 = 15*b + 4*a. What is the highest common divisor of 18 and b?
6
Let n be 1 + 2 + 4*9. Suppose -m = 2*l - 2*m + 1, 5*l = -m + 1. Suppose 4*d - 2*d - 26 = l. Calculate the greatest common divisor of n and d.
13
Let s(i) be the first derivative of -15*i**4/2 + i**3/3 + 11*i**2/2 + 10*i + 149. Let r be s(-1). Calculate the greatest common divisor of 165 and r.
15
Let u(l) = 5*l**3 + 127*l**2 + 19*l - 73. Let q be u(-25). What is the highest common divisor of q and 1188?
54
Let z(t) = 7*t. Let k be z(6). Let o = 46 - k. Suppose 217 = -o*c + 677. What is the highest common divisor of c and 23?
23
Let h = 204 - 194. Suppose -3*p + w = -8, 8*w + 24 = 4*p + h*w. Let u = -3 + 7. Calculate the greatest common divisor of p and u.
4
Let p(r) = 11*r - 15. Let f be p(2). Let y(t) = -t**2 + 14*t - 11. Let n be y(f). Let k = 735 - 393. Calculate the greatest common 